r of g and 21.
3
Let u = -881 + 866. Let i be (-6)/(5 + 77/u). Calculate the greatest common factor of 210 and i.
15
Suppose 75*f + 30690 = 90*f. Calculate the greatest common divisor of f and 110.
22
Let z = 412 + -89. Let p be 43 + -5 - (-4 - -8). What is the greatest common factor of z and p?
17
Let o be (-6 - 8)/((-2)/5). Let w(i) = -i**3 + 10*i**2 - 17*i + 10. Let h be w(8). Let v be h/((-5)/(-50)*2). What is the highest common factor of v and o?
5
Suppose f - 432 = -3*f. Let z = 188 - 198. Let w(v) = v**2 + 10*v + 12. Let g be w(z). Calculate the highest common divisor of g and f.
12
Suppose 5*v = -3*s - 45, s + 0*v + v = -17. Let h = s - -16. Let f be h + (5580/5)/4. What is the greatest common divisor of 25 and f?
25
Let x(w) = w**2 - 17*w + 19. Let m be x(16). Suppose 3*s + 4*l = -l + 214, -5*s + m*l = -300. What is the highest common factor of s and 105?
21
Let r be (-2)/20*-906 - (-2)/5. Let j be 13/((-4)/(-12) + (-16)/(-24)). What is the highest common divisor of r and j?
13
Let k be (-4)/(-14) + (-3216)/(-14) + 1. Calculate the highest common divisor of k and 55.
11
Let k(z) = -3 - 5*z + 1866*z**3 + 0 - 1910*z**3 - z**2. Let r be k(-1). Calculate the highest common divisor of 45 and r.
45
Let d = 2405 + -2278. Calculate the greatest common factor of 5969 and d.
127
Suppose 90*p + 10*p - 115000 = 0. Let t be ((-30)/4)/((-12)/80). Calculate the highest common divisor of t and p.
50
Let q = 435 - 471. Let j = -15 - q. Calculate the greatest common divisor of 42 and j.
21
Let q(t) = -198*t + 7607. Let m be q(-57). Calculate the highest common divisor of m and 7.
7
Let a = 11 + -1. Let t(v) = -9*v - 205. Let o be t(-21). Let n(y) = -2*y + 38. Let m be n(o). What is the greatest common factor of a and m?
10
Suppose -206*a - 393559 = -235*a. What is the highest common divisor of 41 and a?
41
Let p(t) = -10*t**3 + t. Let f be p(-1). Let s be (-513)/(-21) + f/(-21). Let j = s - 12. What is the greatest common divisor of j and 4?
4
Suppose -10*o = -5*o - 2255. Suppose -4 - 1 = 5*g, 0 = -5*h + g + 206. What is the highest common factor of o and h?
41
Let n be (-12)/(-28) + 11061/63. What is the highest common divisor of n and 48?
16
Suppose -108*u + 107*u + 5*c = -71, 3*c = 21. Suppose 2*l = 487 - 169. What is the highest common factor of u and l?
53
Suppose -29*a - 42457 - 122171 = -47*a. What is the greatest common divisor of a and 17?
17
Suppose 39*f - 29*f = -61*f + 5863464. Calculate the highest common factor of f and 36.
36
Let f be 505 - (8 + -32 + 19). Calculate the highest common divisor of f and 8.
2
Let m = 311 + -160. Let y = m - 31. Let c(i) = 10*i**2. Let n be c(-1). What is the highest common divisor of n and y?
10
Let a(t) be the first derivative of 10*t**3/3 - t**2/2 - t + 165. Let p be a(1). Calculate the greatest common divisor of 128 and p.
8
Let y = 31467 - 31296. Let k be 115 + 0 + 0 + -1. Calculate the greatest common divisor of k and y.
57
Let y be 7*(-2)/4*-2. Let c be (27 - 37)/(-3 + 1). Suppose -c*p + 283 = 3*w, 0 = -w - 0 + 1. Calculate the highest common divisor of p and y.
7
Let h = 20 + -149. Let o = -92 - h. Let f = 6490 - 6231. What is the highest common factor of f and o?
37
Let b(y) = -114*y - 4768. Let f be b(-42). Calculate the greatest common factor of 772 and f.
4
Suppose o - y = 2181, -7*y - 8733 = -4*o - 6*y. Suppose o = 28*f - 0*f. Calculate the greatest common factor of f and 130.
26
Suppose 5*v - x + 3 = 2, 4*v = 5*x - 5. Suppose v = 8*o + o + 18. Let w(l) = l**2 - l - 3. Let g be w(o). What is the highest common divisor of g and 3?
3
Let l be (-2)/((-24)/795*(-7 + (-29)/(-4))). Calculate the greatest common factor of l and 1007.
53
Let u(g) = -71*g - 5089. Let o be u(-79). Let k = -55 + 95. Calculate the highest common divisor of o and k.
40
Let y = 6052 - 5406. Calculate the greatest common factor of y and 102.
34
Let v be -2 + 12*(-639)/(-108). What is the highest common factor of 2852 and v?
23
Suppose -2*h = 5*v - v - 8, 0 = 5*v - h - 24. Suppose -4*b + 2*p + 45 = 5, p + 40 = v*b. What is the greatest common factor of 80 and b?
10
Let z(y) = -57*y - 2196. Let x be z(-47). Calculate the highest common factor of x and 21.
21
Let w = -21372 + 21438. What is the highest common factor of 3333 and w?
33
Let n be 211/(-2) + ((-60)/8)/(-5). Let r be n/3*(-90)/24. Let f be ((-32)/r + 26/(-169))*-30. Calculate the greatest common factor of f and 132.
12
Suppose 16*w - 134 = 18*w. Let c = -49 - w. What is the greatest common divisor of c and 81?
9
Let k(i) = -54*i + 53*i - 6 + 1. Let t be k(5). Let r be 33/6 - 15/t. Calculate the highest common divisor of 49 and r.
7
Let s be (2 + (-14)/(-3))/((-60)/(-16110)). What is the highest common divisor of 30 and s?
10
Let l(g) = -117*g - 90*g + 96 + 208*g. Let q be l(8). What is the greatest common divisor of q and 39?
13
Let i be (-4051)/(-9) + (280/(-576) - 27/(-72)). Calculate the greatest common factor of 54 and i.
18
Let f(k) = 6*k**2 - 43*k - 188. Let p be f(12). Calculate the highest common factor of 15 and p.
5
Let k = 33 - -15. Suppose -x + c = -k, -261 = -5*x - c - c. What is the highest common divisor of 51 and x?
51
Let p = -38253 + 38316. Suppose -85 + 12 = -4*u - a, 92 = 5*u + a. Let o be 10/5 + u + 0. What is the greatest common divisor of p and o?
21
Let t be 50/(-80) + 14452/32. Calculate the greatest common factor of 33 and t.
11
Suppose -5 = 2*k + 3*x, -3 = k - 2*x + 4*x. Let d be (-3 - 0 - k)/(2/(-53)). Calculate the highest common factor of d and 636.
53
Let i be (-884)/(-10) - (-8)/(-20). Let p = 13 + -9. Suppose -2*t - 8*b = -3*b - 1, -p*t + 20 = 4*b. What is the highest common factor of i and t?
8
Suppose 44916 = -5035*i + 5092*i. What is the highest common factor of i and 3743?
197
Suppose 3042 = 2*m + 4*r, 18*m + 6066 = 22*m + 2*r. Calculate the greatest common factor of 15 and m.
15
Let f = 58 - 48. Let q = -50 - -130. Suppose 6*u = 2*u + q. Calculate the greatest common divisor of u and f.
10
Let q(c) = 343*c + 2079. Let o be q(-6). Calculate the highest common factor of 1337 and o.
7
Let r(u) = u**2 + 3*u - 8. Let d be r(-6). Suppose -5*y - 3*a + 57 - 19 = 0, -22 = -y - 3*a. Calculate the greatest common divisor of d and y.
2
Suppose 0 = 179*g - 186*g + 21. Suppose -5*m - 6 = 74. Let u = m + 31. What is the greatest common divisor of g and u?
3
Let r(u) = -1512*u + 203. Let q be r(-1). What is the highest common divisor of 10 and q?
5
Let q be (-5 - (-12)/4)/((-4)/1824). Suppose -q = -28*a + 9*a. Calculate the greatest common factor of 42 and a.
6
Let a(s) = -2 + 0*s - 14*s - 1. Let u = -221 - -209. Let j be a(u). What is the greatest common divisor of j and 66?
33
Suppose 1201*f - 644 = 1200*f + 4*g, 2*g + 2646 = 4*f. Calculate the highest common factor of 8 and f.
8
Let a = -324 + 501. Suppose x + 2*j - a = 55, 1140 = 5*x + 5*j. Let u = 68 + -36. What is the highest common divisor of x and u?
32
Suppose 4*h = 3*f + 2*f + 10, f + 3*h = 17. Let m = -117 + 167. Calculate the highest common divisor of f and m.
2
Let k be (-2)/(-3)*4*3. Suppose 23*y - 18*y = -80. Let u(t) = t**2 + 14*t + 24. Let x be u(y). Calculate the highest common divisor of x and k.
8
Suppose 16 = -221*i + 220*i. Let y be (-856)/i + (-1)/(-2). Calculate the greatest common divisor of 90 and y.
18
Suppose -2*u - 4*p = -5*u + 988, -3*u + 2*p = -986. Suppose 112 = -6*q + u. Calculate the highest common factor of 9 and q.
9
Let t = -86 - -70. Let c be 104 + t/4 + 2 + 2. What is the greatest common divisor of 24 and c?
8
Suppose 56*d - 1863 = -13*d. Suppose -5*i - 4 = -6*i. Suppose 0 = 2*s + 5*f - 95, f = -i*s - f + 182. Calculate the highest common divisor of s and d.
9
Let g(h) = 12*h + 48. Let s be g(13). What is the highest common divisor of s and 12?
12
Suppose 4*r = 5*t - 460, 55*r - 51*r = 3*t - 284. What is the highest common factor of 72 and t?
8
Let q = 527 + -485. Suppose -4*p - 4*t + 92 = 0, -5*p - t + 0*t + 107 = 0. What is the highest common divisor of p and q?
21
Let r be 14/(-3)*(-46 - -1). Let w = -138 + r. What is the highest common divisor of 9 and w?
9
Let a(b) be the third derivative of b**5/60 + 7*b**4/12 - 67*b**3/6 - 38*b**2. Let s be a(-18). Calculate the highest common divisor of s and 185.
5
Let u be ((-4)/12)/(2/(-1578)). Let q be u/6 + 